mmon divisor of 485250 and 9750?
750
What is the greatest common divisor of 12084 and 4845?
57
Calculate the highest common factor of 505 and 23129.
101
What is the greatest common divisor of 22278 and 2256?
282
Calculate the highest common divisor of 6831286 and 42.
14
What is the highest common factor of 406 and 24998?
58
Calculate the greatest common divisor of 9730 and 4309.
139
Calculate the greatest common factor of 29934 and 558.
18
What is the highest common factor of 3264 and 198152?
136
Calculate the greatest common divisor of 203973 and 126.
21
What is the highest common factor of 189 and 656817?
21
What is the highest common divisor of 517 and 107395?
47
What is the highest common divisor of 2359 and 28?
7
What is the greatest common divisor of 5 and 145615?
5
Calculate the highest common factor of 13000 and 416650.
650
Calculate the highest common divisor of 196 and 34076.
28
What is the highest common factor of 2616 and 228?
12
What is the highest common factor of 40915 and 13360?
835
What is the highest common factor of 18834 and 69?
3
What is the highest common factor of 572 and 95810?
286
Calculate the highest common divisor of 3536 and 57200.
208
Calculate the highest common divisor of 670 and 77318.
134
Calculate the highest common factor of 1070314 and 8722.
1246
What is the highest common divisor of 105330 and 130?
10
Calculate the greatest common factor of 72 and 326322.
18
Calculate the greatest common factor of 216234 and 1107.
369
Calculate the highest common divisor of 294456 and 216.
24
What is the highest common divisor of 392 and 30912?
56
What is the greatest common factor of 22 and 46926?
22
Calculate the greatest common divisor of 5494200 and 1800.
600
Calculate the greatest common factor of 884 and 3552796.
884
What is the greatest common factor of 8957 and 1431742?
689
What is the highest common divisor of 72006 and 154?
22
Calculate the highest common factor of 660 and 331122.
66
Calculate the highest common divisor of 8498 and 653739.
607
What is the highest common divisor of 291 and 10?
1
Calculate the greatest common divisor of 59 and 2889.
1
What is the greatest common factor of 4100236 and 56?
28
Calculate the greatest common divisor of 51975 and 594.
297
What is the greatest common factor of 561835 and 313?
313
What is the highest common divisor of 66564 and 43?
43
Calculate the greatest common divisor of 4063 and 184508.
239
What is the highest common divisor of 8964 and 378?
54
Calculate the greatest common divisor of 294 and 1563933.
147
Calculate the highest common factor of 216 and 84024.
216
Calculate the highest common divisor of 676730 and 74.
74
Calculate the greatest common divisor of 83662 and 472.
118
Calculate the greatest common factor of 58338 and 84.
42
What is the highest common factor of 21165 and 85?
85
What is the highest common divisor of 7626 and 368754?
246
What is the greatest common factor of 1071 and 504?
63
What is the greatest common factor of 133 and 1703863?
133
What is the highest common factor of 901 and 31365?
17
Calculate the greatest common factor of 28 and 805224.
28
What is the highest common divisor of 70 and 37030?
70
Calculate the greatest common divisor of 2925 and 13325.
325
What is the greatest common divisor of 288 and 32796?
36
Calculate the greatest common factor of 3732 and 5412.
12
What is the highest common factor of 87464 and 234?
26
Calculate the greatest common factor of 1805 and 79781.
361
What is the greatest common divisor of 422 and 354691?
211
Calculate the greatest common factor of 77375 and 94707.
619
Calculate the greatest common divisor of 5655 and 6415.
5
What is the greatest common factor of 73854 and 3168?
198
What is the greatest common divisor of 1155 and 10065?
165
What is the greatest common factor of 225 and 26730?
45
What is the greatest common divisor of 306 and 2592?
18
What is the highest common divisor of 26 and 171002?
26
What is the greatest common divisor of 451683 and 54?
27
What is the greatest common divisor of 225 and 2097?
9
Calculate the greatest common factor of 477 and 243.
9
Calculate the greatest common factor of 26 and 4413266.
26
Calculate the highest common factor of 20522 and 806.
62
What is the greatest common factor of 10675 and 275?
25
What is the greatest common divisor of 248147 and 1012?
23
Calculate the highest common divisor of 190 and 1390.
10
What is the greatest common divisor of 28732 and 134518?
1306
What is the highest common factor of 24656 and 736?
368
Calculate the highest common divisor of 427 and 861.
7
What is the highest common divisor of 1822 and 1490?
2
Calculate the highest common divisor of 7475 and 2340.
65
Calculate the greatest common factor of 336 and 4461576.
168
What is the greatest common factor of 74 and 925?
37
What is the greatest common divisor of 1575 and 135275?
175
Calculate the highest common factor of 60 and 56835.
15
What is the greatest common factor of 9165 and 81780?
705
Calculate the highest common divisor of 140 and 173516.
28
What is the highest common factor of 1410 and 74166?
282
Calculate the greatest common divisor of 2059 and 4408.
29
What is the greatest common factor of 2007516 and 28?
28
What is the highest common divisor of 75 and 137625?
75
What is the greatest common factor of 4132 and 1366659?
1033
What is the highest common factor of 13148 and 136324?
692
Calculate the greatest common divisor of 269618 and 226.
226
What is the highest common divisor of 1539 and 24776?
19
What is the highest common divisor of 2338132 and 1774?
1774
Calculate the greatest common factor of 10206 and 182250.
1458
Calculate the greatest common factor of 850 and 952.
34
What is the highest common factor of 130095 and 13335?
105
Calculate the greatest common factor of 1587432 and 1001.
77
What is the greatest common factor of 306 and 99378?
18
What is the greatest common divisor of 18 and 158772?
6
What is the highest common factor of 103 and 23381?
103
Calculate the highest common factor of 343 and 92953.
343
What is the greatest common factor of 195264 and 448?
64
What is the greatest common divisor of 99 and 252417?
33
Calculate the greatest common factor of 108 and 22788.
108
What is the highest common factor of 229792 and 501?
167
What is the greatest common factor of 117922 and 126?
14
Calculate the greatest common factor of 10738035 and 55.
55
Calculate the highest common factor of 10311 and 189.
21
Calculate the highest common factor of 5576 and 83368.
136
What is the greatest common divisor of 6304 and 288?
32
Calculate the greatest common divisor of 826 and 17192.
14
What is the highest common factor of 2331 and 1155?
21
Calculate the highest common divisor of 464664 and 18696.
456
Calculate the highest common divisor of 127875 and 250.
125
Calculate the highest common factor of 26 and 2612064.
26
Calculate the highest common factor of 41570 and 510.
10
What is the greatest common divisor of 1347 and 25960731?
1347
Calculate the highest common divisor of 4692 and 130272.
276
What is the greatest common factor of 1176 and 3072?
24
Calculate the highest common divisor of 62964 and 3180.
636
What is the greatest common factor of 7308795 and 2405?
2405
What is the highest common divisor of 20650 and 69325?
1475
Calculate the greatest common divisor of 330 and 14289.
33
Calculate the highest common factor of 145179 and 57.
57
Calculate the greatest common factor of 6 and 99954.
6
Calculate the greatest common divisor of 17024 and 119.
7
What is the highest common divisor of 20042582 and 14?
14
Calculate the highest common factor of 3689 and 175491.
527
Calculate the highest common factor of 968 and 69938.
242
What is the highest common factor of 68 and 461516?
68
What is the greatest common divisor of 187290 and 270?
90
Calculate the greatest common factor of 80 and 152440.
40
What is the greatest common divisor of 352 and 473?
11
Calculate the highest common divisor of 232 and 268018.
58
Calculate the highest common divisor of 519246 and 11466.
1638
What is the greatest common divisor of 2904 and 13915?
121
What is the greatest common factor of 9 and 28002?
3
What is the highest common divisor of 4997 and 201984?
263
What is the highest common divisor of 194 and 8167